ppose -4*o - 40 = -z*o. What is the remainder when o is divided by 14?
12
Suppose -2*f - 11 = 3*g, g = 4*f + 7 + 8. What is the remainder when (75/6)/(2/4) is divided by f/(-6) + (-120)/(-9)?
11
Let t(z) = 1518*z**2 - 7 + 13*z + z - 1519*z**2. Calculate the remainder when 76 is divided by t(3).
24
Let z(r) = r**2 + 6*r + 12. Suppose 4*j = 2*j + 4. Suppose -4 = -i + j. What is the remainder when i is divided by z(-4)?
2
Suppose -2*u - 51 = -19*u. What is the remainder when 58 is divided by u?
1
Suppose 7*d + 192 = 13*d. What is the remainder when 284 is divided by d?
28
Suppose 4*a + 40 = k, 0 = 5*k - 7*k - 5*a + 132. What is the remainder when 2/(-4) + 27/6 is divided by ((-14)/k)/((-1)/4)?
0
Let z(x) = -2*x**3 - 2*x**2 - 5*x - 3. Let v = -13 - -42. Calculate the remainder when v is divided by z(-2).
14
Suppose 35 = 2*c - 5*r, 4*c - 2*c + 3*r = 59. Let s be 3/(-5) - 1010/c. Let b = 59 + s. Calculate the remainder when 34 is divided by b.
16
Let r(g) = g**3 - 3*g**2 - 3*g. Let p be r(4). Suppose d = p*d - 36. Suppose 5*f + v = 31, 5*f - 5*v + 24 = 79. Calculate the remainder when d is divided by f.
5
Let i = 2 - 5. Suppose 0 = -n - n + 10. Calculate the remainder when i/(-3) + 13/1 is divided by n.
4
Let w(x) = -2*x + 15. Suppose -2*t - s - 2 = 0, -4*t - 3*s + 1 - 7 = 0. Calculate the remainder when 57 is divided by w(t).
12
Let q(d) = d**3 - 11*d**2 - 21*d - 191. Let b = 4 - -9. Calculate the remainder when q(14) is divided by b.
12
Let i(a) be the second derivative of -a**5/20 + 7*a**4/12 + 7*a**3/6 + a**2 - 5*a. Let f = -29 - -47. What is the remainder when i(7) is divided by f?
15
Let u(y) = y + 16. Suppose 531 = i - 0*v + 3*v, i - 5*v - 499 = 0. Calculate the remainder when (-20)/110 + i/11 is divided by u(0).
15
Let k be (-4)/(-14) - (-104)/28. Suppose r = 4 + 8. Calculate the remainder when (2/k)/((-7)/(-322)) is divided by r.
11
Let n = -534 - -771. What is the remainder when n is divided by 66?
39
Suppose 0 = 38*z - 539 - 31. What is the remainder when 236 is divided by z?
11
Let h(i) = 4*i - 16. Let d be h(11). Suppose a = -3*l + d - 6, -27 = -a + 2*l. Calculate the remainder when a is divided by 14.
11
Suppose -651*y + 659*y = 40. What is the remainder when 24 is divided by y?
4
Let u = 603 - 396. Calculate the remainder when u is divided by 66.
9
Suppose -26*o = -33*o + 511. Let d(r) = 2*r. Let m be d(-2). Let t(g) = 2*g**2 + 2*g + 1. What is the remainder when o is divided by t(m)?
23
Calculate the remainder when 79 is divided by 4/((3 + -2)*(-12)/(-78)).
1
Let c = -88 + 62. Let b = 53 + c. What is the remainder when 102 is divided by b?
21
Suppose -4*j - 66 = -2*k - 16, j - 55 = -4*k. Let p be 92/6 - 5/k. Calculate the remainder when 69/3 + p/5 is divided by 9.
8
Let o be (-57)/(-12) + -2 - (-1)/4. Suppose -o*k + 10 = -4*p + 47, -72 = -4*p - 4*k. Calculate the remainder when 127 is divided by p.
10
Let t = -629 + 641. What is the remainder when 70 is divided by t?
10
Let l = -8 - -10. Suppose 0 = 9*y - 5*y. Suppose w - 9 = -l*o - 3*o, y = -3*o. What is the remainder when 26 is divided by w?
8
Let u = 60 - 41. Let b(c) = -c**2 - 28*c - 120. Calculate the remainder when u is divided by b(-6).
7
Let c = -20 + 33. Let m = 21 + -18. Suppose l + 16 = m*l. Calculate the remainder when c is divided by l.
5
Let y = 56 - -134. What is the remainder when y is divided by 11?
3
Let r be 4/10 + (-120)/50. Let g be -2 + 1 + r - -2. Calculate the remainder when 1 + g + -1 + 29 is divided by 10.
8
Suppose -5*q = -3*z - 3600, 3*q + 4*z - 2025 - 106 = 0. Calculate the remainder when q is divided by 45.
42
Let j(n) = n**2 + 0*n - 2*n - 10*n + 22. What is the remainder when 27 is divided by j(10)?
1
Suppose 128 = 28*l - 20*l. What is the remainder when 142 is divided by l?
14
Suppose 114 = 21*i - 20*i. What is the remainder when i is divided by 58?
56
Suppose 8*z - 5*z - 5*b - 113 = 0, 0 = b + 1. Let v = -24 + 40. What is the remainder when z is divided by -3 - (3 - (v + 3))?
10
Suppose -5*z - 2 = -p - 17, -5*p = -4*z + 12. Suppose -11 = -5*x - 2*y + 134, -87 = -z*x - 3*y. What is the remainder when 81 is divided by x?
23
Suppose -2*z = 3*g - 10, -z = 5*g - 28 + 9. What is the remainder when g is divided by 2?
0
Suppose 32*p + 18*p = 4600. What is the remainder when 1011 is divided by p?
91
Let o = 187 + -123. Calculate the remainder when 122 is divided by o.
58
Suppose 3*c = 6*c - 2*l - 12, -17 = -c + 5*l. Suppose 2*x + c*m - 62 = 0, 3*x = -2*x + m + 137. What is the remainder when x is divided by 6?
4
Suppose -11*l + 7*l + 376 = 0. What is the remainder when l is divided by 14?
10
Suppose -21*g + 16*g = 45. Calculate the remainder when (-48)/g - 4/(-6) is divided by 3.
0
What is the remainder when (-2)/(4/(-6)*6/78) is divided by 20/2*(-1 - -3)?
19
Suppose -4*c - 44 = 2*w, -c - 7 = w - 2*c. Let p be (-3)/(-2) + w/(-8). Suppose p*a = -a + 16. Calculate the remainder when 10 is divided by a.
2
Suppose -4 + 1 = -w. Suppose -w*c + 3 - 21 = 0. Let l(y) = -4*y - 6. Calculate the remainder when l(c) is divided by 10.
8
Let p be (8 - 6) + (-2 + 1 - -352). What is the remainder when p/3 + ((-30)/(-9))/(-5) is divided by 30?
27
Let h(l) = l**3 + 7*l**2 - 8*l + 9. Suppose 14*m - 4*m = 0. Calculate the remainder when m - (0 - 1 - 34) is divided by h(-8).
8
Let j(a) = 68*a - 14. Let o be j(4). Let z = o + -80. What is the remainder when z is divided by 45?
43
Suppose 3*k + 3*i = 4*k - 263, k - 233 = -3*i. What is the remainder when k is divided by 25?
23
Let z = 207 + -158. Calculate the remainder when z is divided by 21.
7
Suppose -3*v + 5 = 3*i - 34, v - 25 = 5*i. Calculate the remainder when 4/16 + 345/12 is divided by v.
14
Suppose 0 = 53*u - 5*u - 11856. Calculate the remainder when u is divided by 66.
49
Let u be 40/(-12) - (-1)/3. Let i = 13 + u. Calculate the remainder when (-1)/11 + (-2832)/(-176) is divided by i.
6
Let r(a) = -24*a + 38. Calculate the remainder when r(-3) is divided by 102.
8
Let s = -31 + 31. Suppose s = d + 3, -5*c - 5*d + 4*d = -42. Calculate the remainder when 13 is divided by c.
4
Let k = 58 + -49. Let u(p) = -p**3 + 11*p**2 - 10*p - 30. Calculate the remainder when u(k) is divided by 15.
12
Let x(c) = c**3 + c**2 + 4*c + 1. Let n be x(-4). Let b = 133 + n. Calculate the remainder when b is divided by 37.
33
What is the remainder when (-40 - -30) + (88 - 2) is divided by 26?
24
What is the remainder when 300 is divided by 4*(867/36 - 8/(-48))?
9
Let p(o) = o - 8. Let m be p(11). Suppose m*w - 16 = -4. Suppose -w*j = -10 - 2. What is the remainder when 4 is divided by j?
1
Suppose -5*r + 4*s = -676, 5*r + 33*s - 684 = 29*s. Calculate the remainder when r is divided by 19.
3
Let n(x) = x**3 + x**2 - x + 11. Suppose -179 = -6*o + 7. What is the remainder when o is divided by n(0)?
9
Let m = 203 + -106. Suppose 99*g - m*g = 116. What is the remainder when g is divided by 20?
18
Suppose 16*w = 14*w + 8. Let b = -9 + 12. Calculate the remainder when w is divided by b.
1
Let i = 71 + -49. What is the remainder when 39 is divided by i?
17
Calculate the remainder when 102 is divided by (27 - 1)*44/44.
24
Let h(a) = -a**2 - 6*a + 4. Let y be h(-6). Suppose 105 = 11*x - y*x. Calculate the remainder when 27 is divided by x.
12
Suppose 52*o - 56*o = j - 206, -4*o - 3*j = -202. What is the remainder when 203 is divided by o?
47
Let p = 25 + -18. Suppose -x - 3*k = p, 7 = -3*x + 6*x + 2*k. Suppose -13 = -x*j + 7. What is the remainder when 17 is divided by j?
1
Let a = -415 + 517. Calculate the remainder when a is divided by 33.
3
Suppose -3*v + 8511 = 4*b, 61*b + 4*v = 65*b - 8504. Calculate the remainder when b is divided by 15.
12
Suppose 0 = -3*a + 13 - 4. Suppose -20 = -a*u + 13. What is the remainder when (-27)/(-6)*(u - 5) is divided by 7?
6
What is the remainder when 458 is divided by (-356)/10*270/(-108)?
13
Let c = -812 + 1074. What is the remainder when c is divided by 78?
28
Let r(w) = -55*w - 377. Calculate the remainder when 703 is divided by r(-7).
7
Suppose 5*y + 4 + 0 = -2*a, -4*y = 2*a + 4. What is the remainder when 79 is divided by (1 + a + 22)/(10 + -9)?
16
Suppose 208 - 81 = a. What is the remainder when a is divided by 8?
7
Suppose -33*k = -1919 + 467. Let v be 48/20 - 2/5. Suppose v*a + 13 = 59. Calculate the remaind